1. Determine p(-2).
-27
Let f(j) = -2*j**2 + 366*j - 5948. Calculate f(166).
-304
Let d(a) = 18*a**2 + 929*a - 4427. Give d(-56).
-3
Let s(a) = a**3 - 1060*a**2 + 27902*a - 302. Calculate s(27).
-5
Let o(i) = -9*i**2 + 21921*i - 370045. What is o(17)?
11
Let p(d) = -2*d**3 + 5*d**2 + d - 64. Calculate p(9).
-1108
Let m(d) = -61255*d + 3001510. Calculate m(49).
15
Let i(m) = m**2 - 825*m + 136876. What is i(230)?
26
Let n(q) = 10*q**3 + q**2 - 35*q + 65. Calculate n(2).
79
Let q(p) = -5*p**3 + 14*p**2 - 19*p + 91. Determine q(4).
-81
Let z(j) = -j**3 - 21*j**2 - 275*j - 2163. Calculate z(-11).
-348
Let i(m) = m**2 - 63*m - 191. Determine i(51).
-803
Let j(c) = 1423*c + 335380. Give j(-236).
-448
Let c(s) = -2257*s - 11402. Determine c(-5).
-117
Let d(g) = -15776*g + 110799. Determine d(7).
367
Let f(y) = 92*y - 68. Give f(2).
116
Let k(y) = -5*y**2 - 157*y + 2314. Determine k(11).
-18
Let p(k) = -5229*k - 276656. What is p(-53)?
481
Let h(r) = 897*r - 101370. Give h(113).
-9
Let m(t) = 67*t**3 - 9*t**2 - 8*t - 7. Calculate m(-2).
-563
Let j(s) = 2*s**3 - 26*s**2 + 193*s - 47. Give j(15).
3748
Let w(q) = q**3 + 4*q**2 - 36*q - 172. Calculate w(-10).
-412
Let x(q) = -643*q - 119126. What is x(-185)?
-171
Let r(n) = 2*n**2 - 1330*n + 187042. Calculate r(202).
-10
Let o(n) = -2*n**3 - 8*n**2 + 1578*n - 3114. Calculate o(2).
-6
Let x(q) = -89*q**3 + 186*q**2 + 8*q - 7. Determine x(2).
41
Let y(n) = -3*n**2 - 1086*n - 94584. Determine y(-146).
24
Let y(a) = -a**3 + 31*a**2 - 312*a + 1032. Calculate y(5).
122
Let x(k) = -90608*k - 906078. Determine x(-10).
2
Let v(d) = 25*d + 7131. Calculate v(-211).
1856
Let f(a) = a**3 - 42*a**2 + 25*a + 1591. Give f(41).
935
Let n(i) = -i**3 + 139*i**2 + 16877*i - 2343186. Calculate n(140).
-6
Let f(t) = 7*t**2 - 20*t - 640. Determine f(-9).
107
Let k(m) = 3*m**3 + 22*m**2 - 529*m - 2146. What is k(-4)?
130
Let h(t) = 3*t**2 - 12*t + 429. Determine h(16).
1005
Let l(t) = 4*t**2 - 779*t + 13457. Give l(175).
-368
Let o(d) = -1005*d**2 - 2*d + 21. Calculate o(-1).
-982
Let u(c) = -2*c**3 + 143*c**2 - 2530*c + 173. What is u(32)?
109
Let q(u) = -2*u**3 - 72*u**2 + 250*u + 563. Determine q(-39).
-61
Let q(y) = 23095*y - 1893802. Calculate q(82).
-12
Let z(n) = n**3 + 55*n**2 + 166*n + 3186. Determine z(-53).
6
Let h(b) = 772*b + 990. Give h(-2).
-554
Let a(h) = 3*h**3 - 823*h**2 + 274*h + 1076. Give a(274).
1076
Let p(w) = -50*w - 3924. Give p(-60).
-924
Let n(w) = 17*w**3 - 87*w**2 - 47*w + 249. Calculate n(5).
-36
Let g(w) = -2*w**3 - 877*w**2 + 321*w - 51811. Give g(-439).
-9
Let r(i) = -415866*i + 3742807. Calculate r(9).
13
Let h(u) = 80*u - 4252. Determine h(50).
-252
Let r(x) = -x**3 - 52*x**2 - 390*x + 128. What is r(-9)?
155
Let u(y) = 364*y - 2715. Calculate u(8).
197
Let u(z) = -45*z**2 + 18813*z - 834. Determine u(418).
420
Let l(c) = c**3 + 148*c**2 + 706*c - 1432. Determine l(-143).
-145
Let q(w) = -2*w**3 + 1426*w**2 + 8534*w + 67593. Determine q(719).
7
Let i(b) = -7*b**2 - 23*b + 163. Give i(-8).
-101
Let w(z) = -z**2 - 1936*z + 658140. Calculate w(295).
-5
Let s(o) = o**2 - 575*o - 138713. Determine s(-183).
1
Let p(l) = -415476*l - 830909. Determine p(-2).
43
Let p(x) = -68644*x - 274564. Give p(-4).
12
Let j(l) = -151*l**2 + 137*l + 136. Determine j(-1).
-152
Let g(y) = -y**3 + 171*y**2 - 3036*y + 2577. Calculate g(151).
161
Let h(b) = 125*b**3 - 2495*b**2 - 98*b - 69. What is h(20)?
-29
Let y(h) = -23*h**2 - 4701*h - 111520. What is y(-177)?
-10
Let f(d) = 8*d**2 - 21*d - 1318. Determine f(14).
-44
Let b(m) = -18*m**2 - 3180*m + 24280. Calculate b(-184).
-8
Let m(l) = -2*l**2 - 23633*l - 543146. Calculate m(-23).
-645
Let t(v) = v**3 + 129*v**2 - 7210*v + 41. What is t(42)?
-1135
Let x(h) = 4*h**3 + 186*h**2 - 1274*h + 83. Determine x(6).
-1
Let i(d) = -d**2 - 189*d + 25097. Calculate i(90).
-13
Let u(c) = 22231*c - 3712581. Calculate u(167).
-4
Let i(m) = -52741*m - 52672. Calculate i(-1).
69
Let c(b) = 8*b**3 - 7*b**2 - 170*b + 524. Give c(3).
167
Let m(q) = -q**3 + 138*q**2 - 3914*q - 643. Calculate m(98).
-55
Let y(g) = -g**3 - 202*g**2 + 558*g - 10943. What is y(-205)?
742
Let h(u) = 10*u**3 + 199*u**2 + 36*u + 1148. Determine h(-20).
28
Let t(v) = -v**3 + v**2 + 305*v - 408. Give t(0).
-408
Let r(q) = -5*q**2 - 198*q - 1343. Determine r(-9).
34
Let r(p) = 2*p**3 + 455*p**2 + 621*p + 193578. Calculate r(-228).
6
Let n(a) = a**3 - 23*a**2 - 315*a + 720. Give n(2).
6
Let a(q) = -q**3 - 46*q**2 + 16*q - 2201. Give a(-47).
-744
Let m(r) = 36*r**2 + 33073*r - 99229. Calculate m(3).
314
Let s(p) = -p**2 - 24*p + 2409. What is s(-61)?
152
Let r(p) = p**2 + 35*p - 223. What is r(-45)?
227
Let n(k) = -65*k**2 - 414*k + 1233. Determine n(3).
-594
Let b(g) = 3539*g - 70691. Calculate b(20).
89
Let s(j) = -j**3 + 3*j**2 + 66*j + 29. Calculate s(12).
-475
Let p(s) = 30*s**2 + 156*s - 30. Determine p(-10).
1410
Let m(k) = -k**2 - 188*k - 4272. Calculate m(-153).
1083
Let b(l) = l**3 - 896*l**2 - 7119*l - 102148. Calculate b(904).
4
Let d(k) = 2966*k + 103789. What is d(-35)?
-21
Let g(c) = -c**3 - 292*c**2 + 787*c + 229815. Give g(-292).
11
Let c(t) = -t**3 - 33*t**2 + 158*t + 3004. Give c(-32).
-3076
Let o(j) = 527*j**2 - 41112*j + 481. Calculate o(78).
13
Let x(t) = -3048*t - 262140. What is x(-86)?
-12
Let k(l) = 384*l**2 + 336*l + 42. What is k(-2)?
906
Let q(m) = 8*m**3 + 39*m**2 - 29*m + 154. What is q(-6)?
4
Let v(b) = -7*b**3 + 541*b**2 - 180*b + 2030. Determine v(77).
28
Let h(c) = -5111*c - 1839952. What is h(-360)?
8
Let a(h) = -1667*h + 30010. Determine a(18).
4
Let o(w) = 24627*w + 24316. Determine o(-1).
-311
Let l(n) = 36012*n + 720185. Determine l(-20).
-55
Let s(j) = -j**3 - 594*j**2 + 1999*j + 124173. Determine s(-597).
-3
Let f(l) = -2820*l + 1187223. Calculate f(421).
3
Let l(z) = -4*z**3 - 36*z**2 - 57*z - 42. What is l(-9)?
471
Let n(v) = v**3 + 523*v**2 + 3632*v + 10325. Calculate n(-516).
5
Let z(n) = -1370*n**2 - 8201*n + 113. What is z(-6)?
-1
Let j(d) = -343*d + 47343. What is j(138)?
9
Let y(a) = 11*a**2 - 1329*a - 273. What is y(121)?
-31
Let r(k) = 28*k**2 - 1270*k - 5522. Give r(-4).
6
Let s(c) = -c**3 - 418*c**2 - 22358*c + 2465. What is s(-355)?
-20
Let f(m) = -m**3 - 279*m**2 + 3482*m - 2915. What is f(-291)?
-5
Let y(c) = -2*c**2 - 725*c + 8589. What is y(12)?
-399
Let x(o) = -2692*o + 67299. Calculate x(25).
-1
Let f(d) = d**2 - 9516*d - 133431. Give f(-14).
-11
Let t(u) = -2*u**3 - 30*u**2 - 90*u + 68. What is t(-10)?
-32
Let u(k) = 45*k**3 + 1165*k**2 - 128*k + 52. Calculate u(-26).
0
Let j(m) = m**3 + 20*m**2 - 203*m + 924. Give j(-28).
336
Let p(c) = 3841*c + 91777. Give p(-24).
-407
Let q(b) = -16*b**2 - 799*b - 9250. Determine q(-31).
143
Let a(r) = -2516*r - 110579. What is a(-44)?
125
Let g(j) = 3*j**3 - 32*j**2 - 561*j + 5900. Give g(11).
-150
Let d(c) = c**3 + 11*c**2 - 338*c - 3919. What is d(-12)?
-7
Let f(s) = -46*s - 1680. Calculate f(-61).
1126
Let w(f) = -7*f**3 - 74*f**2 + 224*f + 8. Determine w(-15).
3623
Let k(z) = 27890*z + 195174. Give k(-7).
-56
Let z(p) = -2*p**3 - 128*p**2 + 170*p + 10814. What is z(-64)?
-66
Let k(o) = o**3 + 175*o**2 + 1095*o + 41660. Calculate k(-170).
10
Let f(p) = -2941*p + 202922. Give f(69).
-7
Let i(v) = -1358*v + 24064. Calculate i(18).
-380
Let g(y) = -195*y**2 - 67856*y + 1433. Calculate g(-348).
41
Let g(d) = -2*d**3 + 66*d**2 - 483*d + 13394. What is g(32)?
-14
Let t(z) = 31606*z - 158032. What is t(5)?
-2
Let a(j) = -1427*j - 13376. Calculate a(-9).
-533
Let o(u) = 3*u**2 + 4940*u + 49107. Determine o(-10).
7
Let p(m) = m**3 - 14*m**2 - 271*m + 2217. Determine p(7).
-23
Let a(l) = 2*l**3 - 536*l**2 + 1075*l + 5. Determine a(2).
27
Let q(y) = y**2 + 2977*y + 91361. Calculate q(-31).
35
Let y(q) = -2*q**3 - 141*q**2 + 1246*q - 1122. Determine y(7).
5
Let x(w) = -27*w**2 + 545*w + 35. Determine x(20).
135
Let c(a) = 16*a**2 + 1010*a + 1172. What is c(-62)?
56
Let z(o) = -2367*o - 11065. What is z(-4)?
-1597
Let x(w) = 324*w**2 + 23*w + 14. Determine x(-1).
315
Let j(h) = -741*h + 107487. Give j(145).
42
Let k(b) = 640348*b + 3842123. Give k(-6).
35
Let l(d) = -d**3 - 28*d**2 - 1670*d - 35769. What is l(-23)?
-4
Let l(i) = 67657*i - 2976901. Determine l(44).
7
Let a(v) = -7107*v - 1392969. Determine a(-196).
3
Let g(